the prime factors of m.
2179
Let j = 341 - 336. What are the prime factors of j?
5
Let g = -92 - -86. What are the prime factors of 5516/21 + g/9?
2, 131
Let p be 4/4 + -3 + 3. What are the prime factors of -1 - 1 - (-18 - p)?
17
Let h = 1942 - 905. What are the prime factors of h?
17, 61
Let l(n) = 5*n - 6. Let v(i) = i**3 + i**2 - i + 5. Suppose -17*p = -12*p. Let u be v(p). List the prime factors of l(u).
19
Let q(s) = -10*s - 2 + 2 + 6. Let z be ((-4)/6)/(28/(-15) + 2). What are the prime factors of q(z)?
2, 7
Let x be (-5)/2*(-8)/10. Suppose b = x*b + 1. What are the prime factors of (6 + -1)/(b/(-1))?
5
Let n = 246 + -61. Suppose 0 = 5*o + 5*h - 885, 2*o - o = h + n. What are the prime factors of o?
181
Let n = 77 - 79. List the prime factors of n + (4/(-4) - -74).
71
Suppose 238*x - 10170 = 229*x. List the prime factors of x.
2, 5, 113
Let t = 17 - 17. Suppose t = 4*u - 279 + 31. What are the prime factors of u?
2, 31
Let y(z) = z**3 - z. Let i be y(-1). Suppose -3*h - d + 1 = i, -4*h + 4*d + 28 + 0 = 0. Suppose h = u - 0. List the prime factors of u.
2
Let n = 15 + -11. Suppose n*c + 468 = 4*y, -238 = -3*y + y + c. What are the prime factors of y?
11
Let a = -125 - -85. Let c be (a/12)/(2/(-39)). List the prime factors of ((-48)/(-80))/(1/c).
3, 13
Let r(x) = x**2 - 4*x + 1. Let q = -17 + 22. Suppose 3*m + 4*y - 33 = y, -q*m - y = -43. List the prime factors of r(m).
3, 11
Suppose -3*x + 258 = -4*h, -h + 413 = 5*x - 2*h. What are the prime factors of x?
2, 41
Suppose 4599 = 14*w - 1267. List the prime factors of w.
419
Let a(r) = -r**3 - 8*r**2 - 28*r + 22. List the prime factors of a(-10).
2, 251
Suppose -17*g + 6020 = 716. What are the prime factors of g?
2, 3, 13
Suppose 3*l - 911 = -4*o, -5*l + 1553 = -5*o + 58. Suppose 0 = -4*k + 809 - l. What are the prime factors of k?
127
Suppose -o + s = -1, -2*s = 3*o - 0*s - 8. Suppose -2 = 3*z - z + 2*g, 2*z - o*g - 14 = 0. Suppose z*w = -w + 36. List the prime factors of w.
3
Suppose -31*o - 464204 = -110*o. List the prime factors of o.
2, 13, 113
Let y(j) = -j**3 + 6*j**2 + 9*j - 1. Let w = -73 - -80. List the prime factors of y(w).
13
Let m(o) = -8*o**2 - 2*o + 278. What are the prime factors of m(0)?
2, 139
Suppose -d + 17 = -14. Suppose -5*y + d + 49 = 0. What are the prime factors of y?
2
What are the prime factors of 3/(-21)*(0 + -1981)?
283
Let t(q) = q**3 + q**2 - 12*q + 1. Let h be t(6). Suppose a - h = -5*r - 2*a, -91 = -2*r + 5*a. What are the prime factors of r?
2, 19
Suppose 4*p - i = -3, -6 = 3*p - 2*i - 0*i. Suppose p = -5*s - h + 509, 4*s + 0*s - 2*h = 410. List the prime factors of s.
2, 3, 17
Let n(c) = -3*c - 3 + c**3 + 12*c + 2*c**2 - 5*c**2 - 2*c**2. Let j be n(8). Suppose -j = -3*h - 78. List the prime factors of h.
61
Let i = -8 + 104. Let o = 56 - i. Let s = 59 + o. What are the prime factors of s?
19
What are the prime factors of (-2)/(-25) - 419387/(-475)?
883
Let p = 2721 + -1782. List the prime factors of p.
3, 313
Suppose 8*t + 4288 = 12*t - 4*o, -4288 = -4*t - 2*o. List the prime factors of t.
2, 67
Let q = 15 + -106. Let u = 152 + q. Suppose -9*w = -10*w + u. What are the prime factors of w?
61
Let f(q) be the first derivative of q**3/3 + 4*q + 1. What are the prime factors of f(4)?
2, 5
Let r(j) be the third derivative of j**5/12 - 5*j**4/8 - 5*j**3/6 - 13*j**2. What are the prime factors of r(5)?
3, 5
Let m(l) = l**3 - 10*l**2 - l + 13. Let f be m(10). Suppose 5*g = -3*h + f, -3*g - 3 - 6 = 0. Suppose -5*b = -h*b + 34. What are the prime factors of b?
2, 17
What are the prime factors of (-2)/4 + (-18)/(360/(-49490))?
2, 1237
Suppose 796 = 2*z + 2*r, 5*r = -2*z + 976 - 177. What are the prime factors of z?
397
Suppose 6*j - 299 - 1957 = 0. Suppose -2*a - j = -o - 3*o, 0 = 2*a. List the prime factors of o.
2, 47
Suppose 4*d - 5*i + 3*i - 4818 = 0, 5*i - 5 = 0. List the prime factors of d.
5, 241
Suppose 28*l = 18*l + 10150. What are the prime factors of l?
5, 7, 29
Suppose 113*x + 6126 = 119*x. What are the prime factors of x?
1021
Let y be ((-600)/18)/((-2)/3). Suppose y = i - 41. List the prime factors of i.
7, 13
Let c be ((-12)/8)/((-6)/4). Suppose 204 = 5*f - c. What are the prime factors of f?
41
Let s(w) = 2*w - 17. Let u be s(12). Let g(m) = m**2 + 11*m + 7. What are the prime factors of g(u)?
7, 19
Suppose -60 = 5*k - 2*k. Let u = 21 + k. What are the prime factors of u/2 - (-828)/24?
5, 7
Let s = 20 - 17. Suppose s*w - 39 = -0*w. Suppose z = -3*g + w, 5*z - 15 = -5*g - 0*z. List the prime factors of g.
5
Let j(a) be the first derivative of -3*a**2/2 + 1. Let z be j(-6). Suppose -22 = -5*w + z. List the prime factors of w.
2
Let v = -221 + 46. Let g = v - -267. List the prime factors of g.
2, 23
Suppose 7 - 2415 = -2*g. What are the prime factors of g?
2, 7, 43
Let k(x) = 5*x**2 + 4*x + 268. List the prime factors of k(27).
4021
Suppose -4*w = -4*y + 298 + 206, 0 = y + 2*w - 132. Suppose y = -0*n + 2*n. List the prime factors of n.
2
Let z = -20 - -20. Suppose -4*w + 4*r + 638 = -178, -2*w + 3*r + 412 = z. Suppose -114 - 116 = -5*x - 3*s, 0 = -5*x + 3*s + w. List the prime factors of x.
43
Let s = 40 + -47. What are the prime factors of s/(-2)*(-56)/(-4)?
7
Let i = -176 - -323. What are the prime factors of i?
3, 7
Suppose 14596 + 6908 = 16*u. What are the prime factors of u?
2, 3, 7
Let q be 1*((-12168)/(-56) - 4/14). Let l = q - 119. List the prime factors of l.
2, 7
Let n be (161 - 35/7)/(6/(-8)). Let c = n + 458. List the prime factors of c.
2, 5
Suppose 0 = 5*r - 6*r + 5. Suppose -6*p - 2*k - 322 = -10*p, r*p - 405 = 5*k. List the prime factors of p.
2, 5
Let d(x) be the third derivative of -5*x**6/12 + x**4/12 + x**3/6 + 2*x**2. Suppose 13 = 4*n + 17. What are the prime factors of d(n)?
7
Let s(o) = o**2 - 2*o + 113. Let i be s(0). Let y = i - 1. List the prime factors of y.
2, 7
Let p = 196 + -56. List the prime factors of p.
2, 5, 7
Let a(z) = -38*z + 732. List the prime factors of a(-55).
2, 17, 83
Suppose -3*m - 9*m + 21216 = 0. What are the prime factors of m?
2, 13, 17
Let w(b) = 51*b**2 + 5*b - 8. Let r(a) = -a**2 + a - 1. Let t(f) = -6*r(f) + w(f). What are the prime factors of t(-1)?
2, 7
Suppose -7*h + 5*o = -3*h + 326, -h + o - 82 = 0. Let n = 148 + h. List the prime factors of n.
2
Let w(b) = -b - 10. Let h(n) = 2*n + 15. Let r(p) = -5*h(p) - 7*w(p). Let v = 8 - 18. What are the prime factors of r(v)?
5
Let v = -7 - -11. Let y = -62 - -66. Suppose 0 = v*q - q + 6, f = y*q + 31. List the prime factors of f.
23
Suppose 20 = -4*a + 9*a. Let n(h) = h**2 + 3*h - 5. What are the prime factors of n(a)?
23
Suppose -2*l + 4*k = -k + 103, 3*k + 102 = -3*l. Let f be (4 - 4 - 3) + l. Let p = f + 93. What are the prime factors of p?
3, 17
Suppose 5*s - 60 = s. List the prime factors of 3*8/(8/s).
3, 5
Let o(g) = 34*g**3 - g**2 - 2*g - 1. Let t be o(2). Let f = -166 + t. What are the prime factors of f?
97
Suppose 0*o + 186 = 2*o. Suppose 0 = -3*u + 2*a + a + o, 3*a = 0. List the prime factors of u.
31
Suppose h + 12 = 17. Let d = 12 + h. List the prime factors of d.
17
Suppose 2*z = 4*s - 238, -3*s + 0*z = -4*z - 186. Suppose -2*u = -4 - s. List the prime factors of u.
31
Let q(l) = l**3 + 2*l**2 - 31*l - 6. List the prime factors of q(5).
2, 7
Let f be 15/10*(-1 + 3). Suppose f*l - 40 = -l. List the prime factors of ((-25)/l)/(1/(-2)).
5
Let r = -2272 - -4495. List the prime factors of r.
3, 13, 19
Suppose -18*a = -17850 - 2436. What are the prime factors of a?
7, 23
Let z(s) = 42*s**2 - 20*s - 8. List the prime factors of z(4).
2, 73
Let f(m) = m**3 - 5*m**2 - m + 7. Let c be f(5). Suppose -c*z = 119 - 435. Suppose -3*g + 8*g - z = -4*x, 5*x - 2*g - 214 = 0. List the prime factors of x.
2, 3, 7
What are the prime factors of (-20)/(-16)*(-36)/9 - -2289?
2, 571
Let p = -39 + 29. Let g = p + 6. List the prime factors of 678/12 + 2/g.
2, 7
Suppose 0 = -25*d + 9610 + 9865. What are the prime factors of d?
19, 41
Suppose 0 = 4*m - 8, k - 3*m - 55 = 25. Let n = 26 + k. What are the prime factors of (-30)/4*n/(-35)?
2, 3
Let z(m) = -m. Let o(s) = 7*s - 45. Let h(g) = -o(g) + 2*z(g). What are the prime factors of h(-15)?
2, 3, 5
Suppose 7*v = v - 36. Let l = v + 9. List the prime factors of l.
3
Suppose -2*q - 12 = -4, 4*q = z - 26. Let d = -14 + 